{"id":2349,"date":"2024-01-14T22:21:59","date_gmt":"2024-01-15T01:21:59","guid":{"rendered":"https:\/\/guadita.com\/?page_id=2349"},"modified":"2024-01-14T22:25:24","modified_gmt":"2024-01-15T01:25:24","slug":"la-crypta-2023","status":"publish","type":"page","link":"https:\/\/guadita.com\/index.php\/la-crypta-2023\/","title":{"rendered":"la crypta 2023"},"content":{"rendered":"\n<div class=\"wp-block-uagb-advanced-heading uagb-block-021fb033\"><h1 class=\"uagb-heading-text\">Resumen la crypta 2023<\/h1><p class=\"uagb-desc-text\">Reel para redes sociales<\/p><\/div>\n\n\n\n<p class=\"has-text-align-center\" style=\"padding-right:var(--wp--preset--spacing--50);padding-left:var(--wp--preset--spacing--50)\">En este proyecto me encargu\u00e9 de compilar los momentos mas importantes del a\u00f1o de todos los eventos que la crypta particip\u00f3 y organiz\u00f3, para as\u00ed editarlo con una buena canci\u00f3n r\u00edtmica dando por resultado un reel din\u00e1mico y entretenido para Instagram. Tambi\u00e9n hice su adaptaci\u00f3n horizontal para X.<\/p>\n\n\n\n<div class=\"wp-block-columns is-layout-flex wp-container-core-columns-is-layout-2 wp-block-columns-is-layout-flex\">\n<div class=\"wp-block-column is-layout-flow wp-block-column-is-layout-flow\">\n<div class=\"wp-block-columns is-layout-flex wp-container-core-columns-is-layout-1 wp-block-columns-is-layout-flex\">\n<div class=\"wp-block-column is-layout-flow wp-block-column-is-layout-flow\">\n<figure class=\"wp-block-video\"><video controls poster=\"https:\/\/guadita.com\/wp-content\/uploads\/2024\/01\/resumen-2023-la-crypta.jpg\" src=\"https:\/\/www.instagram.com\/reel\/C1DuUgKtLM0\/\"><\/video><\/figure>\n<\/div>\n\n\n\n<div class=\"wp-block-column is-layout-flow wp-block-column-is-layout-flow\">\n<figure class=\"wp-block-embed is-type-rich is-provider-twitter wp-block-embed-twitter\"><div class=\"wp-block-embed__wrapper\">\n<blockquote class=\"twitter-tweet\" data-width=\"500\" data-dnt=\"true\"><p lang=\"es\" dir=\"ltr\">El 2023 est\u00e1 llegando a su fin&#8230;<br><br>La Crypta estuvo junto a la comunidad en cada momento y ma\u00f1ana 22\/12 vamos a cerrar el a\u00f1o juntos \ud83c\udf84<a href=\"https:\/\/t.co\/HpprY3R4BR\">https:\/\/t.co\/HpprY3R4BR<\/a> <a href=\"https:\/\/t.co\/mCpq0zdK8e\">pic.twitter.com\/mCpq0zdK8e<\/a><\/p>&mdash; La Crypta \ud83e\uddd9\u200d\u2642\ufe0f (@LaCryptaOk) <a href=\"https:\/\/twitter.com\/LaCryptaOk\/status\/1737941590453456972?ref_src=twsrc%5Etfw\">December 21, 2023<\/a><\/blockquote><script async src=\"https:\/\/platform.twitter.com\/widgets.js\" charset=\"utf-8\"><\/script>\n<\/div><\/figure>\n<\/div>\n<\/div>\n<\/div>\n<\/div>\n\n\n\n<div class=\"wp-block-uagb-container uagb-block-b57dc580 alignfull uagb-is-root-container\"><div class=\"uagb-container-inner-blocks-wrap\"><\/div><\/div>\n","protected":false},"excerpt":{"rendered":"<p>Resumen la crypta 2023 Reel para redes sociales En este proyecto me encargu\u00e9 de compilar los momentos mas importantes del a\u00f1o de todos los eventos que la crypta particip\u00f3 y organiz\u00f3, para as\u00ed editarlo con una buena canci\u00f3n r\u00edtmica dando por resultado un reel din\u00e1mico y entretenido para Instagram. Tambi\u00e9n hice su adaptaci\u00f3n horizontal para [&hellip;]<\/p>\n","protected":false},"author":1,"featured_media":0,"parent":0,"menu_order":0,"comment_status":"closed","ping_status":"closed","template":"","meta":{"_uag_custom_page_level_css":"","_monsterinsights_skip_tracking":false,"_monsterinsights_sitenote_active":false,"_monsterinsights_sitenote_note":"","_monsterinsights_sitenote_category":0,"site-sidebar-layout":"default","site-content-layout":"","ast-site-content-layout":"default","site-content-style":"default","site-sidebar-style":"default","ast-global-header-display":"","ast-banner-title-visibility":"","ast-main-header-display":"","ast-hfb-above-header-display":"","ast-hfb-below-header-display":"","ast-hfb-mobile-header-display":"","site-post-title":"disabled","ast-breadcrumbs-content":"","ast-featured-img":"","footer-sml-layout":"","theme-transparent-header-meta":"","adv-header-id-meta":"","stick-header-meta":"","header-above-stick-meta":"","header-main-stick-meta":"","header-below-stick-meta":"","astra-migrate-meta-layouts":"set","ast-page-background-enabled":"default","ast-page-background-meta":{"desktop":{"background-color":"var(--ast-global-color-4)","background-image":"","background-repeat":"repeat","background-position":"center center","background-size":"auto","background-attachment":"scroll","background-type":"","background-media":"","overlay-type":"","overlay-color":"","overlay-opacity":"","overlay-gradient":""},"tablet":{"background-color":"","background-image":"","background-repeat":"repeat","background-position":"center center","background-size":"auto","background-attachment":"scroll","background-type":"","background-media":"","overlay-type":"","overlay-color":"","overlay-opacity":"","overlay-gradient":""},"mobile":{"background-color":"","background-image":"","background-repeat":"repeat","background-position":"center center","background-size":"auto","background-attachment":"scroll","background-type":"","background-media":"","overlay-type":"","overlay-color":"","overlay-opacity":"","overlay-gradient":""}},"ast-content-background-meta":{"desktop":{"background-color":"var(--ast-global-color-5)","background-image":"","background-repeat":"repeat","background-position":"center center","background-size":"auto","background-attachment":"scroll","background-type":"","background-media":"","overlay-type":"","overlay-color":"","overlay-opacity":"","overlay-gradient":""},"tablet":{"background-color":"var(--ast-global-color-5)","background-image":"","background-repeat":"repeat","background-position":"center center","background-size":"auto","background-attachment":"scroll","background-type":"","background-media":"","overlay-type":"","overlay-color":"","overlay-opacity":"","overlay-gradient":""},"mobile":{"background-color":"var(--ast-global-color-5)","background-image":"","background-repeat":"repeat","background-position":"center center","background-size":"auto","background-attachment":"scroll","background-type":"","background-media":"","overlay-type":"","overlay-color":"","overlay-opacity":"","overlay-gradient":""}},"footnotes":""},"class_list":["post-2349","page","type-page","status-publish","hentry"],"aioseo_notices":[],"uagb_featured_image_src":{"full":false,"thumbnail":false,"medium":false,"medium_large":false,"large":false,"RoboGalleryMansoryImagesCenter":false,"RoboGalleryMansoryImagesTop":false,"1536x1536":false,"2048x2048":false},"uagb_author_info":{"display_name":"usuario","author_link":"https:\/\/guadita.com\/index.php\/author\/guadita-com\/"},"uagb_comment_info":0,"uagb_excerpt":"Resumen la crypta 2023 Reel para redes sociales En este proyecto me encargu\u00e9 de compilar los momentos mas importantes del a\u00f1o de todos los eventos que la crypta particip\u00f3 y organiz\u00f3, para as\u00ed editarlo con una buena canci\u00f3n r\u00edtmica dando por resultado un reel din\u00e1mico y entretenido para Instagram. Tambi\u00e9n hice su adaptaci\u00f3n horizontal para&hellip;","_links":{"self":[{"href":"https:\/\/guadita.com\/index.php\/wp-json\/wp\/v2\/pages\/2349"}],"collection":[{"href":"https:\/\/guadita.com\/index.php\/wp-json\/wp\/v2\/pages"}],"about":[{"href":"https:\/\/guadita.com\/index.php\/wp-json\/wp\/v2\/types\/page"}],"author":[{"embeddable":true,"href":"https:\/\/guadita.com\/index.php\/wp-json\/wp\/v2\/users\/1"}],"replies":[{"embeddable":true,"href":"https:\/\/guadita.com\/index.php\/wp-json\/wp\/v2\/comments?post=2349"}],"version-history":[{"count":1,"href":"https:\/\/guadita.com\/index.php\/wp-json\/wp\/v2\/pages\/2349\/revisions"}],"predecessor-version":[{"id":2350,"href":"https:\/\/guadita.com\/index.php\/wp-json\/wp\/v2\/pages\/2349\/revisions\/2350"}],"wp:attachment":[{"href":"https:\/\/guadita.com\/index.php\/wp-json\/wp\/v2\/media?parent=2349"}],"curies":[{"name":"wp","href":"https:\/\/api.w.org\/{rel}","templated":true}]}}